{"id":3073,"date":"2021-07-19T12:12:02","date_gmt":"2021-07-19T15:12:02","guid":{"rendered":"https:\/\/www.miahandcrafter.com\/atelier\/?post_type=product&#038;p=3073"},"modified":"2025-01-04T17:55:41","modified_gmt":"2025-01-04T20:55:41","slug":"chef-de-cozinha-amipoderosas","status":"publish","type":"product","link":"https:\/\/www.miahandcrafter.com\/atelier\/product\/chef-de-cozinha-amipoderosas\/","title":{"rendered":"Chef de cozinha Amipoderosas"},"content":{"rendered":"<p>RECEITA AMIGURUMI CHEF DE COZINHA AMIPODEROSAS<\/p>\n<p><span style=\"font-size: 16px;\">Receita digital em PDF para fazer bonecas chef de cozinha com a op\u00e7\u00e3o de escolha entre 2 corpos base (magro e plus size) e de fazer a boneca com as caracter\u00edsticas f\u00edsicas da s\u00edndrome de down ou n\u00e3o.<\/span><\/p>\n<p><span style=\"font-size: 16px;\">Elas podem ser articuladas com arame (instru\u00e7\u00f5es de como fazer na receita), possuem cabe\u00e7a articulada no pesco\u00e7o (vira para os lados) e seus membros s\u00e3o embutidos com croch\u00ea.<\/span><\/p>\n<p>Inclui tamb\u00e9m a receita de como fazer o Dolm\u00e3, Chap\u00e9u de Chef, Rolo de Massa, Tigela, Fouet, Pizza e Bolo Surpresa.<\/p>\n<p>Esse padr\u00e3o fez parte do projeto Amipoderosas, que foi um ebook por tempo limitado em comemora\u00e7\u00e3o ao dia internacional da mulher. O e-book foi feito por um coletivo de mulheres artes\u00e3s que acreditam que o lugar da mulher \u00e9 onde ela quiser! O e-book teve o objetivo de popularizar profiss\u00f5es e atividades que s\u00e3o predominantemente desempenhadas por homens. Tamb\u00e9m buscamos trazer representatividade e diversidade \u00e0s nossas pe\u00e7as, promovendo o amor e o respeito a todos os corpos.<\/p>\n<p>. . . . . . . . . . . . . . . . . . . . . . . . . . . . . . . . . . . . . . . .<\/p>\n<p>SOBRE<\/p>\n<p>\u2022 Download instant\u00e2neo de um PDF (n\u00e3o \u00e9 o produto f\u00edsico)<br \/>\n\u2022 23 p\u00e1ginas ensinando detalhadamente como fazer;<br \/>\n\u2022 146 fotos em qualidade mostrando cada etapa da receita;<br \/>\n\u2022 Inclui v\u00eddeo ensinando a juntar os bra\u00e7os e as pernas;<br \/>\n\u2022 Minha ajuda sempre que precisar a qualquer momento.<\/p>\n<p>. . . . . . . . . . . . . . . . . . . . . . . . . . . . . . . . . . . . . . . .<\/p>\n<p>TAMANHO<\/p>\n<p>Com uma agulha 2,5mm e linha amigurumi soft: 16cm de altura;<br \/>\nCom agulha 2,2mm e linha amigurumi: 15,5cm de altura<\/p>\n<p>. . . . . . . . . . . . . . . . . . . . . . . . . . . . . . . . . . . . . . . .<\/p>\n<p>IDIOMA<\/p>\n<p>Portugu\u00eas (br);<\/p>\n<p>. . . . . . . . . . . . . . . . . . . . . . . . . . . . . . . . . . . . . . . .<\/p>\n<p>HABILIDADES NECESS\u00c1RIAS<\/p>\n<p>\u2022 Saber trabalhar na carreira e na forma circular;<br \/>\n\u2022 Saber criar um c\u00edrculo m\u00e1gico;<br \/>\n\u2022 Fazer aumentos e diminui\u00e7\u00f5es;<br \/>\n\u2022 Os seguintes pontos b\u00e1sicos: correntinha, ponto baixo, ponto baix\u00edssimo, ponto alto, meio ponto alto (ou ponto m\u00e9dio);<br \/>\n\u2022 Como costurar pe\u00e7as de amigurumi;<br \/>\n\u2022 O n\u00edvel da receita \u00e9 considerado intermedi\u00e1rio. Ela possui descri\u00e7\u00f5es detalhadas e \u00e9 repleta de fotos para ajudar durante todo o processo.<\/p>\n<p>. . . . . . . . . . . . . . . . . . . . . . . . . . . . . . . . . . . . . . . .<\/p>\n<p>DIREITOS AUTORAIS<\/p>\n<p>\u2022 O amigurumi e a receita foram desenvolvidos por Miahandcrafter (Ana Am\u00e9lia Mendes Galv\u00e3o) e <a href=\"https:\/\/euquerocroche.com\/\">Adriana Gori (Eu Quero Croch\u00ea)<\/a>.<br \/>\n\u2022 Voc\u00ea PODE vender o AMIGURUMI que voc\u00ea crochetar;<br \/>\n\u2022 Voc\u00ea N\u00c3O pode distribuir ou copiar essa receita de qualquer forma ou por qualquer meio. (Art. 29, incisos I, IV e VII, da Lei 9.610\/98);<br \/>\n\u2022 Voc\u00ea N\u00c3O pode alterar ou modificar essa receita para criar uma receita derivada e vender (Art. 29, inciso III, da Lei 9.610\/98).<\/p>\n","protected":false},"excerpt":{"rendered":"<p>Receita em PDF chef de cozinha Amipoderosas.<\/p>\n","protected":false},"featured_media":3079,"comment_status":"open","ping_status":"closed","template":"","meta":{"site-sidebar-layout":"default","site-content-layout":"default","ast-site-content-layout":"default","site-content-style":"default","site-sidebar-style":"default","ast-global-header-display":"","ast-banner-title-visibility":"","ast-main-header-display":"","ast-hfb-above-header-display":"","ast-hfb-below-header-display":"","ast-hfb-mobile-header-display":"","site-post-title":"","ast-breadcrumbs-content":"","ast-featured-img":"","footer-sml-layout":"","ast-disable-related-posts":"","theme-transparent-header-meta":"default","adv-header-id-meta":"","stick-header-meta":"","header-above-stick-meta":"","header-main-stick-meta":"","header-below-stick-meta":"","astra-migrate-meta-layouts":"default","ast-page-background-enabled":"default","ast-page-background-meta":{"desktop":{"background-color":"","background-image":"","background-repeat":"repeat","background-position":"center center","background-size":"auto","background-attachment":"scroll","background-type":"","background-media":"","overlay-type":"","overlay-color":"","overlay-opacity":"","overlay-gradient":""},"tablet":{"background-color":"","background-image":"","background-repeat":"repeat","background-position":"center center","background-size":"auto","background-attachment":"scroll","background-type":"","background-media":"","overlay-type":"","overlay-color":"","overlay-opacity":"","overlay-gradient":""},"mobile":{"background-color":"","background-image":"","background-repeat":"repeat","background-position":"center center","background-size":"auto","background-attachment":"scroll","background-type":"","background-media":"","overlay-type":"","overlay-color":"","overlay-opacity":"","overlay-gradient":""}},"ast-content-background-meta":{"desktop":{"background-color":"var(--ast-global-color-5)","background-image":"","background-repeat":"repeat","background-position":"center center","background-size":"auto","background-attachment":"scroll","background-type":"","background-media":"","overlay-type":"","overlay-color":"","overlay-opacity":"","overlay-gradient":""},"tablet":{"background-color":"var(--ast-global-color-5)","background-image":"","background-repeat":"repeat","background-position":"center center","background-size":"auto","background-attachment":"scroll","background-type":"","background-media":"","overlay-type":"","overlay-color":"","overlay-opacity":"","overlay-gradient":""},"mobile":{"background-color":"var(--ast-global-color-5)","background-image":"","background-repeat":"repeat","background-position":"center center","background-size":"auto","background-attachment":"scroll","background-type":"","background-media":"","overlay-type":"","overlay-color":"","overlay-opacity":"","overlay-gradient":""}},"jetpack_post_was_ever_published":false,"jetpack_publicize_message":"","jetpack_publicize_feature_enabled":true,"jetpack_social_post_already_shared":true,"jetpack_social_options":{"image_generator_settings":{"template":"highway","default_image_id":0,"font":"","enabled":false},"version":2}},"product_brand":[],"product_cat":[577],"product_tag":[592,720,714,719,716,721,715,712,718,717,713],"class_list":{"0":"post-3073","1":"product","2":"type-product","3":"status-publish","4":"has-post-thumbnail","6":"product_cat-receitas-amigurumi","7":"product_tag-amigurumi","8":"product_tag-amigurumi-chef-receita","9":"product_tag-amigurumi-sindrome-de-down","10":"product_tag-amipoderosas","11":"product_tag-boneca-chef-de-cozinha","12":"product_tag-boneca-chef-receita","13":"product_tag-boneca-com-sindrome-de-down","14":"product_tag-chef-de-cozinha","15":"product_tag-passo-a-passo-amigurumi","16":"product_tag-receita-amigurumi","17":"product_tag-sindrome-de-down","18":"desktop-align-left","19":"tablet-align-left","20":"mobile-align-left","22":"first","23":"instock","24":"downloadable","25":"virtual","26":"purchasable","27":"product-type-simple"},"jetpack_publicize_connections":[],"jetpack_sharing_enabled":true,"jetpack-related-posts":[],"_links":{"self":[{"href":"https:\/\/www.miahandcrafter.com\/atelier\/wp-json\/wp\/v2\/product\/3073","targetHints":{"allow":["GET"]}}],"collection":[{"href":"https:\/\/www.miahandcrafter.com\/atelier\/wp-json\/wp\/v2\/product"}],"about":[{"href":"https:\/\/www.miahandcrafter.com\/atelier\/wp-json\/wp\/v2\/types\/product"}],"replies":[{"embeddable":true,"href":"https:\/\/www.miahandcrafter.com\/atelier\/wp-json\/wp\/v2\/comments?post=3073"}],"wp:featuredmedia":[{"embeddable":true,"href":"https:\/\/www.miahandcrafter.com\/atelier\/wp-json\/wp\/v2\/media\/3079"}],"wp:attachment":[{"href":"https:\/\/www.miahandcrafter.com\/atelier\/wp-json\/wp\/v2\/media?parent=3073"}],"wp:term":[{"taxonomy":"product_brand","embeddable":true,"href":"https:\/\/www.miahandcrafter.com\/atelier\/wp-json\/wp\/v2\/product_brand?post=3073"},{"taxonomy":"product_cat","embeddable":true,"href":"https:\/\/www.miahandcrafter.com\/atelier\/wp-json\/wp\/v2\/product_cat?post=3073"},{"taxonomy":"product_tag","embeddable":true,"href":"https:\/\/www.miahandcrafter.com\/atelier\/wp-json\/wp\/v2\/product_tag?post=3073"}],"curies":[{"name":"wp","href":"https:\/\/api.w.org\/{rel}","templated":true}]}}