{"id":2477,"date":"2020-09-01T18:59:04","date_gmt":"2020-09-01T21:59:04","guid":{"rendered":"https:\/\/www.miahandcrafter.com\/atelier\/?post_type=product&#038;p=2477"},"modified":"2021-07-12T23:43:05","modified_gmt":"2021-07-13T02:43:05","slug":"pattern-labrador","status":"publish","type":"product","link":"https:\/\/www.miahandcrafter.com\/atelier\/product\/pattern-labrador\/","title":{"rendered":"Receita Labrador"},"content":{"rendered":"<p>RECEITA AMIGURUMI LABRADOR RETRIEVER<\/p>\n<p>Receita digital em PDF para fazer um cachorrinho da ra\u00e7a Labrador Retriever. Voc\u00ea pode faz\u00ea-lo da cor que quiser: amarelo, preto, marrom, etc. Se voc\u00ea quiser tamb\u00e9m pode transform\u00e1-lo num Golden, basta usar a mesma t\u00e9cnica que fiz no Valente.<\/p>\n<p>. . . . . . . . . . . . . . . . . . . . . . . . . . . . . . . . . . . . . . . .<\/p>\n<p>SOBRE<\/p>\n<p>\u2022 Download instant\u00e2neo de um PDF (n\u00e3o \u00e9 o produto f\u00edsico)<br \/>\n\u2022 17 p\u00e1ginas ensinando detalhadamente como fazer;<br \/>\n\u2022 55 fotos em alta qualidade mostrando cada etapa da receita;<br \/>\n\u2022 Minha ajuda sempre que precisar a qualquer momento.<\/p>\n<p>. . . . . . . . . . . . . . . . . . . . . . . . . . . . . . . . . . . . . . . .<\/p>\n<p>TAMANHO (com uma agulha 4mm e linha Barroco 6)<\/p>\n<p>27 cm de altura;<br \/>\n25 cm do rabo at\u00e9 as patas dianteiras;<br \/>\n18 cm do lado esquerdo ao direito.<\/p>\n<p>. . . . . . . . . . . . . . . . . . . . . . . . . . . . . . . . . . . . . . . .<\/p>\n<p>IDIOMA<\/p>\n<p>Portugu\u00eas (br);<\/p>\n<p>. . . . . . . . . . . . . . . . . . . . . . . . . . . . . . . . . . . . . . . .<\/p>\n<p>HABILIDADES NECESS\u00c1RIAS<\/p>\n<p>\u2022 Saber trabalhar na carreira e na forma circular;<br \/>\n\u2022 Saber criar um c\u00edrculo m\u00e1gico;<br \/>\n\u2022 Fazer aumentos e diminui\u00e7\u00f5es;<br \/>\n\u2022 Os seguintes pontos b\u00e1sicos: correntinha e ponto baixo;<br \/>\n\u2022 Como costurar pe\u00e7as de amigurumi;<br \/>\n\u2022 O n\u00edvel da receita \u00e9 considerado iniciante, ela possui descri\u00e7\u00f5es detalhas e \u00e9 repleta de fotos para ajudar durante todo o processo.<\/p>\n<p>. . . . . . . . . . . . . . . . . . . . . . . . . . . . . . . . . . . . . . . .<\/p>\n<p>DIREITOS AUTORAIS<\/p>\n<p>\u2022 O amigurumi e a receita foram desenvolvidos por Miahandcrafter (Ana Am\u00e9lia Mendes Galv\u00e3o)<br \/>\n\u2022 Voc\u00ea PODE vender o AMIGURUMI que voc\u00ea crochetar;<br \/>\n\u2022 Voc\u00ea N\u00c3O pode distribuir ou copiar essa receita de qualquer forma ou por qualquer meio. (Art. 29, incisos I, IV e VII, da Lei 9.610\/98);<br \/>\n\u2022 Voc\u00ea N\u00c3O pode alterar ou modificar essa receita para criar uma receita derivada e vender (Art. 29, inciso III, da Lei 9.610\/98).<\/p>\n","protected":false},"excerpt":{"rendered":"<p>Receita em PDF Amigurumi Labrador<\/p>\n","protected":false},"featured_media":2480,"comment_status":"open","ping_status":"closed","template":"","meta":{"site-sidebar-layout":"default","site-content-layout":"default","ast-site-content-layout":"default","site-content-style":"default","site-sidebar-style":"default","ast-global-header-display":"","ast-banner-title-visibility":"","ast-main-header-display":"","ast-hfb-above-header-display":"","ast-hfb-below-header-display":"","ast-hfb-mobile-header-display":"","site-post-title":"","ast-breadcrumbs-content":"","ast-featured-img":"","footer-sml-layout":"","ast-disable-related-posts":"","theme-transparent-header-meta":"default","adv-header-id-meta":"","stick-header-meta":"","header-above-stick-meta":"","header-main-stick-meta":"","header-below-stick-meta":"","astra-migrate-meta-layouts":"default","ast-page-background-enabled":"default","ast-page-background-meta":{"desktop":{"background-color":"","background-image":"","background-repeat":"repeat","background-position":"center center","background-size":"auto","background-attachment":"scroll","background-type":"","background-media":"","overlay-type":"","overlay-color":"","overlay-opacity":"","overlay-gradient":""},"tablet":{"background-color":"","background-image":"","background-repeat":"repeat","background-position":"center center","background-size":"auto","background-attachment":"scroll","background-type":"","background-media":"","overlay-type":"","overlay-color":"","overlay-opacity":"","overlay-gradient":""},"mobile":{"background-color":"","background-image":"","background-repeat":"repeat","background-position":"center center","background-size":"auto","background-attachment":"scroll","background-type":"","background-media":"","overlay-type":"","overlay-color":"","overlay-opacity":"","overlay-gradient":""}},"ast-content-background-meta":{"desktop":{"background-color":"var(--ast-global-color-5)","background-image":"","background-repeat":"repeat","background-position":"center center","background-size":"auto","background-attachment":"scroll","background-type":"","background-media":"","overlay-type":"","overlay-color":"","overlay-opacity":"","overlay-gradient":""},"tablet":{"background-color":"var(--ast-global-color-5)","background-image":"","background-repeat":"repeat","background-position":"center center","background-size":"auto","background-attachment":"scroll","background-type":"","background-media":"","overlay-type":"","overlay-color":"","overlay-opacity":"","overlay-gradient":""},"mobile":{"background-color":"var(--ast-global-color-5)","background-image":"","background-repeat":"repeat","background-position":"center center","background-size":"auto","background-attachment":"scroll","background-type":"","background-media":"","overlay-type":"","overlay-color":"","overlay-opacity":"","overlay-gradient":""}},"jetpack_post_was_ever_published":false,"jetpack_publicize_message":"","jetpack_publicize_feature_enabled":true,"jetpack_social_post_already_shared":true,"jetpack_social_options":{"image_generator_settings":{"template":"highway","default_image_id":0,"font":"","enabled":false},"version":2}},"product_brand":[],"product_cat":[577],"product_tag":[592,596,615,614,613,595,612,594,611],"class_list":{"0":"post-2477","1":"product","2":"type-product","3":"status-publish","4":"has-post-thumbnail","6":"product_cat-receitas-amigurumi","7":"product_tag-amigurumi","8":"product_tag-amigurumi-pdf","9":"product_tag-cachorro-passo-a-passo","10":"product_tag-labrador-amigurumi","11":"product_tag-labrador-pattern","12":"product_tag-passo-a-passo-de-amigurumi","13":"product_tag-receita-cachorro-amigurumi","14":"product_tag-receita-de-amigurumi","15":"product_tag-receita-labrador","16":"desktop-align-left","17":"tablet-align-left","18":"mobile-align-left","20":"first","21":"instock","22":"downloadable","23":"virtual","24":"purchasable","25":"product-type-simple"},"jetpack_publicize_connections":[],"jetpack_sharing_enabled":true,"jetpack-related-posts":[],"_links":{"self":[{"href":"https:\/\/www.miahandcrafter.com\/atelier\/wp-json\/wp\/v2\/product\/2477","targetHints":{"allow":["GET"]}}],"collection":[{"href":"https:\/\/www.miahandcrafter.com\/atelier\/wp-json\/wp\/v2\/product"}],"about":[{"href":"https:\/\/www.miahandcrafter.com\/atelier\/wp-json\/wp\/v2\/types\/product"}],"replies":[{"embeddable":true,"href":"https:\/\/www.miahandcrafter.com\/atelier\/wp-json\/wp\/v2\/comments?post=2477"}],"wp:featuredmedia":[{"embeddable":true,"href":"https:\/\/www.miahandcrafter.com\/atelier\/wp-json\/wp\/v2\/media\/2480"}],"wp:attachment":[{"href":"https:\/\/www.miahandcrafter.com\/atelier\/wp-json\/wp\/v2\/media?parent=2477"}],"wp:term":[{"taxonomy":"product_brand","embeddable":true,"href":"https:\/\/www.miahandcrafter.com\/atelier\/wp-json\/wp\/v2\/product_brand?post=2477"},{"taxonomy":"product_cat","embeddable":true,"href":"https:\/\/www.miahandcrafter.com\/atelier\/wp-json\/wp\/v2\/product_cat?post=2477"},{"taxonomy":"product_tag","embeddable":true,"href":"https:\/\/www.miahandcrafter.com\/atelier\/wp-json\/wp\/v2\/product_tag?post=2477"}],"curies":[{"name":"wp","href":"https:\/\/api.w.org\/{rel}","templated":true}]}}